2 + 85*m - 28. Suppose -3*k + 2 = 17, -26 = -2*d + 4*k. What is the remainder when g(6) is divided by d?
2
Let m(j) = -1 + 6*j - 8*j - j - 1. Let b be m(-3). Suppose 2*c + 39 = x, 2*x + 230 = b*x - 3*c. Calculate the remainder when x is divided by 25.
24
Let a be 92/22 + ((-96)/44 - -2). Suppose -a*o - 6 = b, 8 = -o - 3*o. Suppose 0*v = 4*v - 28. Calculate the remainder when v is divided by b.
1
Let j be ((-13)/13)/(2*1/(-26)). Suppose -j*i = -5*i - 16. Let b(w) = 2*w**2 + 3*w. What is the remainder when i is divided by b(-2)?
0
Let l(o) = 211*o + 1909. Suppose 0 = -2*t + 27 + 11. What is the remainder when t is divided by l(-9)?
9
Let q(o) be the second derivative of o**3/6 - 3*o**2 + 8*o. Let b be q(-4). What is the remainder when (-484)/b - 32/80 is divided by 17?
14
Let a = -321 + 447. Calculate the remainder when a is divided by 32.
30
Let v be 130 + (-1 - (-1 - -4)). Let t = 161 - v. Calculate the remainder when t is divided by 12.
11
Suppose i + 0 = 4. Let m be 4*-3*(-3 + i). What is the remainder when 27 is divided by (-2)/m*-2*-42?
13
Suppose 21 = 10*p + 1. Calculate the remainder when 54 - (2/p + 0/5) is divided by 16.
5
Let g = 144 - 102. Let p(t) = t**2 - 2*t + 3. Suppose 3*d - 5*i + 1 - 3 = 0, -2*d + 5*i - 2 = 0. Calculate the remainder when g is divided by p(d).
9
Let k(o) = -o**3 + 21*o**2 - 20*o + 2. Let z be k(20). Suppose 0 = -z*b - 4*b + 78. Calculate the remainder when b is divided by 10.
3
Suppose -x + 430 = v, -3*x = 18*v - 14*v - 1721. Calculate the remainder when v is divided by 87.
83
Suppose 0 = 24*g - 29*g + 480. What is the remainder when g is divided by 9?
6
Let b(w) = 0*w - 3 + 7*w**3 + 2*w**3 + 5*w - 8*w**3 + 6*w**2. What is the remainder when 35 is divided by b(-3)?
8
Let d be 4/((-16)/84) - 0. Let x(p) = 16*p**3. What is the remainder when ((-4)/(-10)*3)/(d/(-525)) is divided by x(1)?
14
Let u = 629 - 579. Suppose 30 = -3*t + 5*t. What is the remainder when u is divided by t?
5
Let v = -18 + 16. Calculate the remainder when 54 is divided by v/(-4) - (-231)/22.
10
Let m(k) = k**3 + 15*k**2 - 3*k - 10. Calculate the remainder when m(-15) is divided by 26.
9
Let v = -1242 - -1429. Calculate the remainder when v is divided by 40.
27
Suppose -4*u - o + 34 = 0, 4*u - 4*o - 34 = -30. Suppose -3*f - v = -11, -f = 3*f + 2*v - 12. What is the remainder when u is divided by f?
2
Let s(x) be the second derivative of x**5/20 - x**4/6 - 5*x**3/6 - x**2/2 - 8*x. Suppose -2*h + 21 = h. What is the remainder when s(4) is divided by h?
4
Let d be 0 - (-2 - -7) - -7. Suppose 5*s - 36 = 4*y, -3*s + 0*s + d*y = -22. What is the remainder when 20 is divided by s?
4
Suppose 31 = -2*n + 3*o, 5*n + 30 = -o - o. Calculate the remainder when 408*n/(-36) - 2/3 is divided by 31.
28
Suppose 321*h = 299*h + 2002. What is the remainder when 253 is divided by h?
71
Suppose 0*r + 3*j = 3*r + 9, -2*j = -5*r. Suppose 3*n = r*b - 42, -5*n = 10 - 30. What is the remainder when b is divided by 7?
6
Let k(s) = -s. Let o(i) = -i**2 - i + 2. Let x(v) = 5*k(v) - o(v). What is the remainder when 54 is divided by x(-3)?
16
Let o = 36 - 34. Let p be ((-2)/(-1) - 4) + 8. Suppose 0 = p*y - y - 15. Calculate the remainder when y is divided by o.
1
Let z(n) = -3*n + 33. Let o(b) = b**3 + 17*b**2 - 18*b. Let y be o(-18). What is the remainder when 129 is divided by z(y)?
30
Suppose 0 = 3*t - 7 - 17. Let s = -1290 - -1321. Calculate the remainder when s is divided by t.
7
Let f = -766 + 788. Calculate the remainder when 31 is divided by f.
9
Suppose -t + 72 = 11*t. Let d = 22 - t. What is the remainder when 22 is divided by d?
6
Let u = 36 - 18. Suppose u = j - 0*l - 3*l, -4*l = 3*j - 93. What is the remainder when 75 is divided by j?
21
Suppose 2*b = -3*q + 269, 4*q - 4*b = 5*q - 83. What is the remainder when q is divided by 35?
21
Suppose -12 = -5*w + w. Suppose -86 = -3*g + 4*v, 4*g + w*v = 4*v + 132. Calculate the remainder when g is divided by 7.
6
Suppose f = i - 48, 4*i = 7*f - 4*f + 192. What is the remainder when i is divided by (110/25)/((-4)/(-10))?
4
Let y = -364 + 416. What is the remainder when 204 is divided by y?
48
Suppose -6 = -3*f + 12. Let n = f - 22. Let o = 2 - n. Calculate the remainder when 32 is divided by o.
14
Suppose 50*m - 2403 = 41*m. What is the remainder when m is divided by 9?
6
What is the remainder when 225 is divided by (-8)/(-576)*18 + (-151)/(-4)?
35
Let b = 507 - -6. What is the remainder when b is divided by 104?
97
Suppose 4*n = -4*q + 440, 37 = -5*q + 17. Let a = -111 + n. What is the remainder when 10 is divided by a?
1
Suppose 0 = -z + 4, -3*z + 267 = 5*k. Calculate the remainder when k is divided by 19.
13
Let m(l) = 5*l**3 + 49*l**2 - 13*l + 8. What is the remainder when m(-10) is divided by 8?
6
Suppose -452 - 1 = -3*h. What is the remainder when h is divided by 31?
27
Suppose -5*d = 6*d - 1452. What is the remainder when 24 is divided by (1/(-3))/((-4)/d) + -2?
6
Suppose 3*d - 2*m = -187, -d - 11 - 53 = m. Let j = 126 + d. Let w = -788 + 810. What is the remainder when j is divided by w?
19
Let m = 156 + -125. What is the remainder when 121 is divided by m?
28
Suppose 35*b = 141 + 279. What is the remainder when 443 is divided by b?
11
Suppose -4*u - 152 = 5*d, 0 = -2*u + 6*d - 3*d - 54. Calculate the remainder when 5 is divided by (-60)/u + 14/77.
1
Let x(c) = 47*c**2 - 9*c - 10. What is the remainder when x(-1) is divided by 14*(3 - 5/2)?
4
Let p = 168 - 61. Calculate the remainder when p is divided by ((6 + 4)/2 - 1) + 4*6.
23
Let n(h) = -4*h - 9. Let q(c) = -9*c - 17. Let u(s) = -5*n(s) + 2*q(s). Let r = -11 - -27. What is the remainder when u(9) is divided by r?
13
Let p = 6 - -5. Suppose 0 = p*x - 592 - 772. What is the remainder when x is divided by 21?
19
Suppose -16*r + 6*r = -380. Suppose 16 = -0*n + n + 2*q, 0 = 2*n + q - r. Calculate the remainder when 59 is divided by n.
19
Calculate the remainder when 66 is divided by ((-36)/10)/(30/(-25) - -1).
12
Let u(d) = d**3 - 9*d**2 + 2*d - 18. Let m be u(9). Suppose z + y - 6 = m, -28 - 10 = -3*z + y. Calculate the remainder when 54 is divided by z.
10
Let k(w) = 7*w - 2. Suppose 0 = -z + 3*l + 144, z + 2*l - 126 = -l. Suppose z = -2*f + 5*f. What is the remainder when f is divided by k(2)?
9
Let k = 1 + 2. Let y be (2/(-6))/(2/(-6)). What is the remainder when (-5)/(y - -1 - 3) is divided by k?
2
Let o be ((-1)/1)/(4/(-16)). Suppose -a - 3*j = -2*j - 24, -5*a - o*j = -124. Calculate the remainder when a is divided by 15.
13
Let d(l) = 5*l + 2. Let z be d(2). Suppose 3*n = -n + z. Calculate the remainder when (n/(-9))/((-2)/642) is divided by 27.
26
Let c(l) = -l**3 + 8*l**2 + 2*l - 8. Let i be c(8). Suppose -i*a + 4*a = -60. Calculate the remainder when 57 is divided by a.
12
Suppose -4*a + 3*a = -6. Let i be (0 - -2)*a - -2. Suppose -4*u + 35 = 5*x, -2*x + i = -0*x + 5*u. What is the remainder when 16 is divided by x?
2
Let p = -67 - -107. Suppose -22 = -z - k, -k + p = 2*z - 1. Let l(i) = -93*i + 196. Calculate the remainder when z is divided by l(2).
9
Suppose -245 = 15*q - 965. What is the remainder when 147 is divided by q?
3
Let m be 14*((-24)/(-21))/4. Suppose 0 = -m*z + 2*z. Suppose 4*p - 3 - 97 = z. What is the remainder when p is divided by 14?
11
Let o = 265 - 224. What is the remainder when o is divided by 6?
5
Let j(d) = -4*d + 12. Let c be j(8). Let u = 35 + c. Calculate the remainder when u is divided by 9.
6
Suppose 0 = -16*x - 28*x + 1056. What is the remainder when x is divided by 13?
11
Suppose 0 = 2*g - 5*d - 28, -5*d - 12 = g + g. Suppose 2*x - g = 12. Let p = 38 - 7. What is the remainder when p is divided by x?
7
Let f(t) = -t**3 + 27*t**2 + 35*t + 10. Calculate the remainder when f(13) is divided by 24.
23
Let i(s) = 2*s - 1. Suppose 0 = -2*j - 3*q + 2*q + 57, 0 = -5*j - q + 138. What is the remainder when j is divided by i(4)?
6
What is the remainder when (-790)/(-4) + (45/(-10) - -5) is divided by 70?
58
Let k(o) = 2*o**3 - 5*o**2 + 5*o - 9. What is the remainder when 87 is divided by k(3)?
12
Let o(l) = 2*l**3 - 7*l**2 - 2*l + 4. Let s(x) = -x + 6. Calculate the remainder when o(4) is divided by s(3).
0
Suppose 104*a - 108*a = -60. What is the remainder when 26 is divided by a?
11
Suppose 0 = 4*u - b - 15, -2*u - 7*b + 20 = -5